{"id":13,"date":"2014-05-03T08:19:03","date_gmt":"2014-05-03T08:19:03","guid":{"rendered":"https:\/\/apke.ch\/wordpress\/?page_id=13"},"modified":"2025-03-06T08:45:28","modified_gmt":"2025-03-06T07:45:28","slug":"apke","status":"publish","type":"page","link":"https:\/\/apke.ch\/wordpress\/","title":{"rendered":"APKE"},"content":{"rendered":"<p>Herzlich willkommen auf der Homepage des Alt-Pfadfinder Vereins der Pfadi K\u00fcsnacht-Erlenbach (APKE). Die Homepage der Pfadi Wulp-K\u00fcsnacht\/Erlenbach findest du hier: <a href=\"http:\/\/www.wulp.ch\" target=\"_blank\" rel=\"noopener\">www.wulp.ch<\/a><\/p>\n<p>Der APKE ist ein Verein mit ca. 250 Mitgliedern und hat zum Hauptzweck, der Pfadi Wulp-K\u00fcsnacht\/Erlenbach drei Pfadih\u00fctten zur Verf\u00fcgung zu stellen. Daneben finden jedes Jahr diverse Vereinsanl\u00e4sse f\u00fcr jeden Geschmack und jedes Alter statt.<\/p>\n<p>F\u00fcr Informationen wende dich bitte an <a href=\"mailto:webmaster@apke.ch\">Pico<\/a>.<\/p>\n","protected":false},"excerpt":{"rendered":"<p>Herzlich willkommen auf der Homepage des Alt-Pfadfinder Vereins der Pfadi K\u00fcsnacht-Erlenbach (APKE). Die Homepage der Pfadi Wulp-K\u00fcsnacht\/Erlenbach findest du hier: www.wulp.ch Der APKE ist ein Verein mit ca. 250 Mitgliedern und hat zum Hauptzweck, der Pfadi Wulp-K\u00fcsnacht\/Erlenbach drei Pfadih\u00fctten zur Verf\u00fcgung zu stellen. Daneben finden jedes Jahr diverse Vereinsanl\u00e4sse f\u00fcr jeden Geschmack und jedes Alter [&hellip;]<\/p>\n","protected":false},"author":1,"featured_media":0,"parent":0,"menu_order":0,"comment_status":"closed","ping_status":"closed","template":"","meta":{"ngg_post_thumbnail":0,"footnotes":""},"class_list":["post-13","page","type-page","status-publish","hentry"],"_links":{"self":[{"href":"https:\/\/apke.ch\/wordpress\/index.php?rest_route=\/wp\/v2\/pages\/13","targetHints":{"allow":["GET"]}}],"collection":[{"href":"https:\/\/apke.ch\/wordpress\/index.php?rest_route=\/wp\/v2\/pages"}],"about":[{"href":"https:\/\/apke.ch\/wordpress\/index.php?rest_route=\/wp\/v2\/types\/page"}],"author":[{"embeddable":true,"href":"https:\/\/apke.ch\/wordpress\/index.php?rest_route=\/wp\/v2\/users\/1"}],"replies":[{"embeddable":true,"href":"https:\/\/apke.ch\/wordpress\/index.php?rest_route=%2Fwp%2Fv2%2Fcomments&post=13"}],"version-history":[{"count":3,"href":"https:\/\/apke.ch\/wordpress\/index.php?rest_route=\/wp\/v2\/pages\/13\/revisions"}],"predecessor-version":[{"id":1889,"href":"https:\/\/apke.ch\/wordpress\/index.php?rest_route=\/wp\/v2\/pages\/13\/revisions\/1889"}],"wp:attachment":[{"href":"https:\/\/apke.ch\/wordpress\/index.php?rest_route=%2Fwp%2Fv2%2Fmedia&parent=13"}],"curies":[{"name":"wp","href":"https:\/\/api.w.org\/{rel}","templated":true}]}}