{"id":1403,"date":"2017-04-19T09:10:41","date_gmt":"2017-04-19T08:10:41","guid":{"rendered":"https:\/\/apke.ch\/wordpress\/?page_id=1403"},"modified":"2024-08-24T08:06:25","modified_gmt":"2024-08-24T07:06:25","slug":"jubilaum","status":"publish","type":"page","link":"https:\/\/apke.ch\/wordpress\/?page_id=1403","title":{"rendered":"Jubil\u00e4um 2016"},"content":{"rendered":"\n<div class=\"wp-block-file\"><\/div>\n\n\n\n<div class=\"wp-block-file\"><\/div>\n\n\n<p>2016 feierte die Pfadi Wulp ihr hundertj\u00e4hriges Bestehen. Folgende Anl\u00e4sse fanden statt:<\/p>\n<ol>\n<li>Jubil\u00e4umsbuch (inkl. Bestellm\u00f6glichkeit)<\/li>\n<li>Familienabend (inkl. Bestellm\u00f6glichkeit DVD)<\/li>\n<li>Pfadi-Ausstellung<\/li>\n<li>Medienspiegel<\/li>\n<\/ol>\n<p>Hier sind die&nbsp;<a href=\"https:\/\/wulp.ch\/category\/galerie\/bpage\/3\/\">Bilder<\/a> davon.<\/p>\n\n\n<div class=\"wp-block-file\"><a id=\"wp-block-file--media-f8a6c7fb-df0e-49de-8420-0eccec68d1aa\" href=\"https:\/\/apke.ch\/wordpress\/wp-content\/uploads\/2022\/05\/1976-01-08-Zuerichsee-Zeitung-Schachbrett-Film-von-Ibis.pdf\">1976-01-08-Zuerichsee-Zeitung-Schachbrett-Film-von-Ibis<\/a><\/div>\n\n\n\n<div class=\"wp-block-file\"><a id=\"wp-block-file--media-a59b9e45-d465-4c42-86a7-b5e4621b1635\" href=\"https:\/\/apke.ch\/wordpress\/wp-content\/uploads\/2022\/05\/2016-04-20-Kuesnachter-100-Jahre.pdf\">2016-04-20-Kuesnachter-100-Jahre<\/a><\/div>\n\n\n\n<div class=\"wp-block-file\"><a id=\"wp-block-file--media-00ec3c30-d7a7-41bb-bf9c-bd39b72545e0\" href=\"https:\/\/apke.ch\/wordpress\/wp-content\/uploads\/2022\/05\/2016-05-12-Kuesnachter-FA2016.pdf\">2016-05-12-Kuesnachter-FA2016<\/a><\/div>\n\n\n\n<div class=\"wp-block-file\"><a id=\"wp-block-file--media-1d1201f7-d4d7-48ce-b64c-416c1b8834ff\" href=\"https:\/\/apke.ch\/wordpress\/wp-content\/uploads\/2022\/05\/2016-05-26-Zuerichsee-Zeitung-FA2016.pdf\">2016-05-26-Zuerichsee-Zeitung-FA2016<\/a><\/div>\n\n\n\n<div class=\"wp-block-file\"><a id=\"wp-block-file--media-3a9f0fd5-9502-469a-9d45-782c8fd1482a\" href=\"https:\/\/apke.ch\/wordpress\/wp-content\/uploads\/2022\/05\/2016-06-08-Dorfpost-In-Waben-Rudeln-und-Zuegen-zu-Hause.pdf\">2016-06-08-Dorfpost-In-Waben-Rudeln-und-Zuegen-zu-Hause<\/a><\/div>\n\n\n\n<div class=\"wp-block-file\"><a id=\"wp-block-file--media-96b60d46-519c-4f04-be21-390ab82847f1\" href=\"https:\/\/apke.ch\/wordpress\/wp-content\/uploads\/2022\/05\/2016-06-09-KAsnachter-In-Waben-Rudeln-und-Zuegen-zu-Hause.pdf\">2016-06-09-KAsnachter-In-Waben-Rudeln-und-Zuegen-zu-Hause<\/a><\/div>\n\n\n\n<div class=\"wp-block-file\"><a id=\"wp-block-file--media-26478eda-c7e8-4355-a568-3ad777b511c9\" href=\"https:\/\/apke.ch\/wordpress\/wp-content\/uploads\/2022\/05\/2016-06-10-Zuerichsee-Zeitung-Nach-einem-Jahrhundert-immer-noch-Allzeit-bereit.pdf\">2016-06-10-Zuerichsee-Zeitung-Nach-einem-Jahrhundert-immer-noch-Allzeit-bereit<\/a><\/div>\n\n\n\n<div class=\"wp-block-file\"><a id=\"wp-block-file--media-f5307d98-079a-4bd2-a448-a04e751a9d35\" href=\"https:\/\/apke.ch\/wordpress\/wp-content\/uploads\/2022\/05\/2016-06-11-NZZ-Ausstellung-100-Jahre-Pfadi-in-Kuesnacht-Orginal.pdf\">2016-06-11-NZZ-Ausstellung-100-Jahre-Pfadi-in-Kuesnacht-Orginal<\/a><\/div>\n\n\n\n<div class=\"wp-block-file\"><a id=\"wp-block-file--media-3b822dd7-41a1-43b0-9ad7-d244b9fa6a5b\" href=\"https:\/\/apke.ch\/wordpress\/wp-content\/uploads\/2022\/05\/2016-06-11-NZZ-Ausstellung-100-Jahre-Pfadi-in-Kuesnacht.pdf\">2016-06-11-NZZ-Ausstellung-100-Jahre-Pfadi-in-Kuesnacht<\/a><\/div>\n\n\n\n<div class=\"wp-block-file\"><a id=\"wp-block-file--media-8cc514ae-d485-413e-a29f-de8dd6bb5958\" href=\"https:\/\/apke.ch\/wordpress\/wp-content\/uploads\/2022\/05\/2016-06-11-Pfadi-Kuesnacht-NZZ-von-Alois-Feusi.pdf\">2016-06-11-Pfadi-Kuesnacht-NZZ-von-Alois-Feusi<\/a><\/div>\n\n\n\n<div class=\"wp-block-file\"><a id=\"wp-block-file--media-92a08835-43c8-4a48-9603-d7f51c908310\" href=\"https:\/\/apke.ch\/wordpress\/wp-content\/uploads\/2022\/05\/2016-06-16-Kuesnachter-Ein-gelebtes-Stueck-Ortsgeschichte.pdf\">2016-06-16-Kuesnachter-Ein-gelebtes-Stueck-Ortsgeschichte<\/a><\/div>\n\n\n\n<div class=\"wp-block-file\"><a id=\"wp-block-file--media-9f0d24b6-d806-41bc-81a9-98f7f7acfa9b\" href=\"https:\/\/apke.ch\/wordpress\/wp-content\/uploads\/2022\/05\/2016-06-29-Erlenbacher-Dorfbott-Bekannte-unbekannte-Pfadiwelt.pdf\">2016-06-29-Erlenbacher-Dorfbott-Bekannte-unbekannte-Pfadiwelt<\/a><\/div>\n\n\n\n<div class=\"wp-block-file\"><a id=\"wp-block-file--media-f4c6026c-5956-46e3-a855-0aacd34dc223\" href=\"https:\/\/apke.ch\/wordpress\/wp-content\/uploads\/2022\/05\/2016-07-01-Sarasani-flyer_auf_pinnwand.pdf\">2016-07-01-Sarasani-flyer_auf_pinnwand<\/a><\/div>\n\n\n\n<div class=\"wp-block-file\"><a id=\"wp-block-file--media-82fa9851-0e51-494c-beea-8093f227b8b2\" href=\"https:\/\/apke.ch\/wordpress\/wp-content\/uploads\/2022\/05\/2016-07-01-Sarasani-wulp_newstext.pdf\">2016-07-01-Sarasani-wulp_newstext<\/a><\/div>\n\n\n\n<div class=\"wp-block-file\"><a id=\"wp-block-file--media-f02247f5-9747-455f-9f6b-93e765b6b430\" href=\"https:\/\/apke.ch\/wordpress\/wp-content\/uploads\/2022\/05\/2016-12-31-Jahresbericht-Pfadistiftung.pdf\">2016-12-31-Jahresbericht-Pfadistiftung<\/a><\/div>\n\n\n\n<div class=\"wp-block-file\"><a id=\"wp-block-file--media-8a3c512c-5905-421d-aede-27ab333d1d96\" href=\"https:\/\/apke.ch\/wordpress\/wp-content\/uploads\/2022\/05\/2017-00-00-Erlenbacher-Dorfbott-100-Jahre-Pfadi-zwischen-zwei-buchdeckeln.pdf\">2017-00-00-Erlenbacher-Dorfbott-100-Jahre-Pfadi-zwischen-zwei-buchdeckeln<\/a><\/div>\n\n\n\n<div class=\"wp-block-file\"><a id=\"wp-block-file--media-32ba3d20-24be-4445-909f-52e2a079cce1\" href=\"https:\/\/apke.ch\/wordpress\/wp-content\/uploads\/2022\/05\/2017-05-25-Kusnachter-Wenn-die-Gauni-zum-Albtraum-wird.pdf\">2017-05-25-Kusnachter-Wenn-die-Gauni-zum-Albtraum-wird<\/a><\/div>\n\n\n\n<div class=\"wp-block-file\"><a id=\"wp-block-file--media-430e0e6a-0244-47df-9385-959ecb2f722e\" href=\"https:\/\/apke.ch\/wordpress\/wp-content\/uploads\/2022\/05\/2017-07-01-Zuerichsee-Zeitung-Als-die-Pfadis-im-Kriegsdienst-standen-oder-als-Schwarze-auf-der-Buehne.pdf\">2017-07-01 Zuerichsee-Zeitung &#8211; Als die Pfadis im Kriegsdienst standen &#8211; oder als Schwarze auf der Buehne<\/a><\/div>\n","protected":false},"excerpt":{"rendered":"<p>2016 feierte die Pfadi Wulp ihr hundertj\u00e4hriges Bestehen. Folgende Anl\u00e4sse fanden statt: Jubil\u00e4umsbuch (inkl. Bestellm\u00f6glichkeit) Familienabend (inkl. Bestellm\u00f6glichkeit DVD) Pfadi-Ausstellung Medienspiegel Hier sind die&nbsp;Bilder davon.<\/p>\n","protected":false},"author":1,"featured_media":0,"parent":0,"menu_order":0,"comment_status":"closed","ping_status":"closed","template":"","meta":{"ngg_post_thumbnail":0,"footnotes":""},"class_list":["post-1403","page","type-page","status-publish","hentry"],"_links":{"self":[{"href":"https:\/\/apke.ch\/wordpress\/index.php?rest_route=\/wp\/v2\/pages\/1403","targetHints":{"allow":["GET"]}}],"collection":[{"href":"https:\/\/apke.ch\/wordpress\/index.php?rest_route=\/wp\/v2\/pages"}],"about":[{"href":"https:\/\/apke.ch\/wordpress\/index.php?rest_route=\/wp\/v2\/types\/page"}],"author":[{"embeddable":true,"href":"https:\/\/apke.ch\/wordpress\/index.php?rest_route=\/wp\/v2\/users\/1"}],"replies":[{"embeddable":true,"href":"https:\/\/apke.ch\/wordpress\/index.php?rest_route=%2Fwp%2Fv2%2Fcomments&post=1403"}],"version-history":[{"count":13,"href":"https:\/\/apke.ch\/wordpress\/index.php?rest_route=\/wp\/v2\/pages\/1403\/revisions"}],"predecessor-version":[{"id":1863,"href":"https:\/\/apke.ch\/wordpress\/index.php?rest_route=\/wp\/v2\/pages\/1403\/revisions\/1863"}],"wp:attachment":[{"href":"https:\/\/apke.ch\/wordpress\/index.php?rest_route=%2Fwp%2Fv2%2Fmedia&parent=1403"}],"curies":[{"name":"wp","href":"https:\/\/api.w.org\/{rel}","templated":true}]}}

Jubiläum 2016

<div class="wp-block-file"></div>



<div class="wp-block-file"></div>


<p>2016 feierte die Pfadi Wulp ihr hundertjähriges Bestehen. Folgende Anlässe fanden statt:</p>
<ol>
<li>Jubiläumsbuch (inkl. Bestellmöglichkeit)</li>
<li>Familienabend (inkl. Bestellmöglichkeit DVD)</li>
<li>Pfadi-Ausstellung</li>
<li>Medienspiegel</li>
</ol>
<p>Hier sind die&nbsp;<a href="https://wulp.ch/category/galerie/bpage/3/">Bilder</a> davon.</p>


<div class="wp-block-file"><a id="wp-block-file--media-f8a6c7fb-df0e-49de-8420-0eccec68d1aa" href="https://apke.ch/wordpress/wp-content/uploads/2022/05/1976-01-08-Zuerichsee-Zeitung-Schachbrett-Film-von-Ibis.pdf">1976-01-08-Zuerichsee-Zeitung-Schachbrett-Film-von-Ibis</a></div>



<div class="wp-block-file"><a id="wp-block-file--media-a59b9e45-d465-4c42-86a7-b5e4621b1635" href="https://apke.ch/wordpress/wp-content/uploads/2022/05/2016-04-20-Kuesnachter-100-Jahre.pdf">2016-04-20-Kuesnachter-100-Jahre</a></div>



<div class="wp-block-file"><a id="wp-block-file--media-00ec3c30-d7a7-41bb-bf9c-bd39b72545e0" href="https://apke.ch/wordpress/wp-content/uploads/2022/05/2016-05-12-Kuesnachter-FA2016.pdf">2016-05-12-Kuesnachter-FA2016</a></div>



<div class="wp-block-file"><a id="wp-block-file--media-1d1201f7-d4d7-48ce-b64c-416c1b8834ff" href="https://apke.ch/wordpress/wp-content/uploads/2022/05/2016-05-26-Zuerichsee-Zeitung-FA2016.pdf">2016-05-26-Zuerichsee-Zeitung-FA2016</a></div>



<div class="wp-block-file"><a id="wp-block-file--media-3a9f0fd5-9502-469a-9d45-782c8fd1482a" href="https://apke.ch/wordpress/wp-content/uploads/2022/05/2016-06-08-Dorfpost-In-Waben-Rudeln-und-Zuegen-zu-Hause.pdf">2016-06-08-Dorfpost-In-Waben-Rudeln-und-Zuegen-zu-Hause</a></div>



<div class="wp-block-file"><a id="wp-block-file--media-96b60d46-519c-4f04-be21-390ab82847f1" href="https://apke.ch/wordpress/wp-content/uploads/2022/05/2016-06-09-KAsnachter-In-Waben-Rudeln-und-Zuegen-zu-Hause.pdf">2016-06-09-KAsnachter-In-Waben-Rudeln-und-Zuegen-zu-Hause</a></div>



<div class="wp-block-file"><a id="wp-block-file--media-26478eda-c7e8-4355-a568-3ad777b511c9" href="https://apke.ch/wordpress/wp-content/uploads/2022/05/2016-06-10-Zuerichsee-Zeitung-Nach-einem-Jahrhundert-immer-noch-Allzeit-bereit.pdf">2016-06-10-Zuerichsee-Zeitung-Nach-einem-Jahrhundert-immer-noch-Allzeit-bereit</a></div>



<div class="wp-block-file"><a id="wp-block-file--media-f5307d98-079a-4bd2-a448-a04e751a9d35" href="https://apke.ch/wordpress/wp-content/uploads/2022/05/2016-06-11-NZZ-Ausstellung-100-Jahre-Pfadi-in-Kuesnacht-Orginal.pdf">2016-06-11-NZZ-Ausstellung-100-Jahre-Pfadi-in-Kuesnacht-Orginal</a></div>



<div class="wp-block-file"><a id="wp-block-file--media-3b822dd7-41a1-43b0-9ad7-d244b9fa6a5b" href="https://apke.ch/wordpress/wp-content/uploads/2022/05/2016-06-11-NZZ-Ausstellung-100-Jahre-Pfadi-in-Kuesnacht.pdf">2016-06-11-NZZ-Ausstellung-100-Jahre-Pfadi-in-Kuesnacht</a></div>



<div class="wp-block-file"><a id="wp-block-file--media-8cc514ae-d485-413e-a29f-de8dd6bb5958" href="https://apke.ch/wordpress/wp-content/uploads/2022/05/2016-06-11-Pfadi-Kuesnacht-NZZ-von-Alois-Feusi.pdf">2016-06-11-Pfadi-Kuesnacht-NZZ-von-Alois-Feusi</a></div>



<div class="wp-block-file"><a id="wp-block-file--media-92a08835-43c8-4a48-9603-d7f51c908310" href="https://apke.ch/wordpress/wp-content/uploads/2022/05/2016-06-16-Kuesnachter-Ein-gelebtes-Stueck-Ortsgeschichte.pdf">2016-06-16-Kuesnachter-Ein-gelebtes-Stueck-Ortsgeschichte</a></div>



<div class="wp-block-file"><a id="wp-block-file--media-9f0d24b6-d806-41bc-81a9-98f7f7acfa9b" href="https://apke.ch/wordpress/wp-content/uploads/2022/05/2016-06-29-Erlenbacher-Dorfbott-Bekannte-unbekannte-Pfadiwelt.pdf">2016-06-29-Erlenbacher-Dorfbott-Bekannte-unbekannte-Pfadiwelt</a></div>



<div class="wp-block-file"><a id="wp-block-file--media-f4c6026c-5956-46e3-a855-0aacd34dc223" href="https://apke.ch/wordpress/wp-content/uploads/2022/05/2016-07-01-Sarasani-flyer_auf_pinnwand.pdf">2016-07-01-Sarasani-flyer_auf_pinnwand</a></div>



<div class="wp-block-file"><a id="wp-block-file--media-82fa9851-0e51-494c-beea-8093f227b8b2" href="https://apke.ch/wordpress/wp-content/uploads/2022/05/2016-07-01-Sarasani-wulp_newstext.pdf">2016-07-01-Sarasani-wulp_newstext</a></div>



<div class="wp-block-file"><a id="wp-block-file--media-f02247f5-9747-455f-9f6b-93e765b6b430" href="https://apke.ch/wordpress/wp-content/uploads/2022/05/2016-12-31-Jahresbericht-Pfadistiftung.pdf">2016-12-31-Jahresbericht-Pfadistiftung</a></div>



<div class="wp-block-file"><a id="wp-block-file--media-8a3c512c-5905-421d-aede-27ab333d1d96" href="https://apke.ch/wordpress/wp-content/uploads/2022/05/2017-00-00-Erlenbacher-Dorfbott-100-Jahre-Pfadi-zwischen-zwei-buchdeckeln.pdf">2017-00-00-Erlenbacher-Dorfbott-100-Jahre-Pfadi-zwischen-zwei-buchdeckeln</a></div>



<div class="wp-block-file"><a id="wp-block-file--media-32ba3d20-24be-4445-909f-52e2a079cce1" href="https://apke.ch/wordpress/wp-content/uploads/2022/05/2017-05-25-Kusnachter-Wenn-die-Gauni-zum-Albtraum-wird.pdf">2017-05-25-Kusnachter-Wenn-die-Gauni-zum-Albtraum-wird</a></div>



<div class="wp-block-file"><a id="wp-block-file--media-430e0e6a-0244-47df-9385-959ecb2f722e" href="https://apke.ch/wordpress/wp-content/uploads/2022/05/2017-07-01-Zuerichsee-Zeitung-Als-die-Pfadis-im-Kriegsdienst-standen-oder-als-Schwarze-auf-der-Buehne.pdf">2017-07-01 Zuerichsee-Zeitung &#8211; Als die Pfadis im Kriegsdienst standen &#8211; oder als Schwarze auf der Buehne</a></div>

<p>2016 feierte die Pfadi Wulp ihr hundertjähriges Bestehen. Folgende Anlässe fanden statt: Jubiläumsbuch (inkl. Bestellmöglichkeit) Familienabend (inkl. Bestellmöglichkeit DVD) Pfadi-Ausstellung Medienspiegel Hier sind die&nbsp;Bilder davon.</p>
